1000101010?
-11101100101000101000111010
In base 16, what is -fb69 - -29d?
-f8cc
In base 8, what is 10506 - 21547?
-11041
In base 15, what is -88 + 12d8e6?
12d85d
In base 13, what is 11 + -2c1867a?
-2c18669
In base 11, what is 12 + -3a9a272?
-3a9a260
In base 12, what is 87a5698 + 1?
87a5699
In base 11, what is 2 - -31576478?
3157647a
In base 7, what is 25 - -6160451?
6160506
In base 5, what is -23 - -11122140224?
11122140201
In base 5, what is -103 - 13303133?
-13303241
In base 3, what is -101221210112 + 1210?
-101221201202
In base 3, what is -111200022101 + -2112?
-111200101220
In base 4, what is -122 + -12232110220?
-12232111002
In base 10, what is 0 + -5180923?
-5180923
In base 15, what is 2d20bc - -e?
2d20cb
In base 13, what is -13408 + 11c?
-132b9
In base 4, what is 131012033200 + -3?
131012033131
In base 2, what is -1010111111001001010011 - -111101?
-1010111111001000010110
In base 2, what is -110010110110111110 + -1?
-110010110110111111
In base 9, what is 311158 - 868?
310180
In base 9, what is 14 + 4214144?
4214158
In base 11, what is -1 + 16535167?
16535166
In base 9, what is -1136220 - -2271?
-1133838
In base 3, what is -10 - 222200111110120?
-222200111110200
In base 11, what is -a3028 - -12?
-a3016
In base 6, what is -12500322 - 402?
-12501124
In base 5, what is 14232333 + -3?
14232330
In base 2, what is -1000 + 10000000110101011000011000?
10000000110101011000010000
In base 6, what is -41310 - 31404?
-113114
In base 16, what is -1e + -a9c2?
-a9e0
In base 9, what is -348753776 - -3?
-348753773
In base 13, what is 66 - 689840?
-6897a7
In base 12, what is -a57933 - -9a?
-a57855
In base 14, what is -114d358 - -3b?
-114d31b
In base 15, what is 9a + -102cc7?
-102c2c
In base 10, what is -97768 - 139?
-97907
In base 15, what is c + 22e015?
22e022
In base 13, what is 42251 + 6b0?
42931
In base 6, what is -1 + -2120211115?
-2120211120
In base 12, what is -563341 - 7?
-563348
In base 9, what is 1527668 + 0?
1527668
In base 6, what is -231233 - -10?
-231223
In base 13, what is 9 - -10a60a6c?
10a60a78
In base 14, what is 373 + 2610?
2983
In base 8, what is -232 + 1226415?
1226163
In base 7, what is 3 - 101356313?
-101356310
In base 6, what is 4 - -3415351003?
3415351011
In base 5, what is 12110322 + -103?
12110214
In base 10, what is 4 - 9188647?
-9188643
In base 2, what is -101 + 101110111110111101111?
101110111110111101010
In base 3, what is -11001120201111012 + 2?
-11001120201111010
In base 5, what is 12 - 11202430331?
-11202430314
In base 13, what is 43415 - -340?
43755
In base 6, what is 3555041350 - 5?
3555041341
In base 2, what is -11000110111100000 - 1010?
-11000110111101010
In base 15, what is -5 + -45d474?
-45d479
In base 14, what is a890d4 + -11?
a890c3
In base 10, what is 5 + 1148170?
1148175
In base 5, what is -2440304321 - -114?
-2440304202
In base 9, what is -531638 + -18?
-531657
In base 16, what is -1f481a7 + 9?
-1f4819e
In base 7, what is -10052032 + 11?
-10052021
In base 4, what is 111032132 + -10211?
111021321
In base 16, what is 3 - 52d18bc?
-52d18b9
In base 2, what is 1110101111011000101 - 10011?
1110101111010110010
In base 5, what is 2 - 11424441044?
-11424441042
In base 14, what is 31 - -15cddd?
15d030
In base 9, what is 4437240 - 6?
4437233
In base 10, what is -3144408 + 27?
-3144381
In base 16, what is d857 + 1237?
ea8e
In base 8, what is 3133 + 40576?
43731
In base 9, what is -4 - 1622441?
-1622445
In base 15, what is -1 - 292632?
-292633
In base 2, what is -101111001000110110111101110 - -100?
-101111001000110110111101010
In base 8, what is -127704 - 142?
-130046
In base 8, what is -25457 + 5016?
-20441
In base 5, what is -423 + 10333441442?
10333441014
In base 12, what is a7 + 893a4?
8948b
In base 4, what is 20133030010002 - 11?
20133030003331
In base 16, what is 37147405 + 3?
37147408
In base 15, what is -267a + 8b8?
-1cb2
In base 7, what is -213250 + -3645?
-220225
In base 9, what is -65482214 + -5?
-65482220
In base 7, what is 4235 + -5161?
-623
In base 13, what is 10c37a - 0?
10c37a
In base 15, what is 1e64a4 - -b?
1e64b0
In base 13, what is -86a92b - 3?
-86a931
In base 3, what is -21021122100 + 121?
-21021121202
In base 11, what is -1a - 55a09?
-55a28
In base 6, what is -11322 - 2051551?
-2103313
In base 9, what is -171 + -3581408?
-3581580
In base 12, what is 248b - -a14?
32a3
In base 5, what is -343342143 + 10?
-343342133
In base 13, what is 175551 - 8a8?
174976
In base 4, what is -13220323 + -23332011?
-103213000
In base 6, what is -40145452 + 10?
-40145442
In base 12, what is -68 - 690410?
-690478
In base 16, what is -4 - 46e406?
-46e40a
In base 3, what is 20021110100112 - -10221?
20021110111110
In base 12, what is -5 - 3181592?
-3181597
In base 15, what is -34e87 - -34?
-34e53
In base 15, what is 2 + -16971c6c?
-16971c6a
In base 8, what is 11134 - 1137?
7775
In base 14, what is -29b0 - -2897?
-117
In base 8, what is -12 + 717674?
717662
In base 8, what is -710523 - 26?
-710551
In base 8, what is 3 - -350237363?
350237366
In base 2, what is 100101 + 111011100111010101111?
111011100111011010100
In base 11, what is -39 + -3967?
-39a5
In base 7, what is 143 - 4160344?
-4160201
In base 7, what is 2 - 1363131416?
-1363131414
In base 7, what is 1023166506 + 2?
1023166511
In base 12, what is -b30 + 128b5?
11985
In base 2, what is -100 - -1001110101000110100111110110?
1001110101000110100111110010
In base 10, what is -41738908 - 5?
-41738913
In base 7, what is -10630366 + 222?
-10630144
In base 14, what is 57 + -6c33?
-6bba
In base 9, what is 44725 - -4050?
48775
In base 14, what is 1c9836 + 16?
1c984c
In base 3, what is -1 - -1022101201021?
1022101201020
In base 2, what is -10101110001100111011001 - 100?
-10101110001100111011101
In base 10, what is 22 + -164610?
-164588
In base 6, what is -3050 + -10451?
-13541
In base 16, what is -29c5 - -a6?
-291f
In base 8, what is -13224 - 230562?
-244006
In base 9, what is -108 + -6530120?
-6530228
In base 9, what is 27032 + 1607?
28640
In base 4, what is 3221203012230 - 10?
3221203012220
In base 11, what is 2907 - 1910?
aa7
In base 3, what is 10202100 + -212000212?
-201021112
In base 7, what is -231202153 - -2?
-231202151
In base 6, what is 40035334 + -4?
40035330
In base 10, what is 1089 - 28554?
-27465
In base 10, what is -148041 - 297?
-148338
In base 7, what is 0 - -321426435?
321426435
In base 16, what is -28674f19 + -4?
-28674f1d
In base 14, what is 107d91 + -a?
107d85
In base 13, what is 22a - -b561a?
b5847
In base 15, what is 7 + 4b21552?
4b21559
In base 13, what is 1c38317a - 4?
1c383176
In base 13, what is -2449a6 - -81?
-244925
In base 5, what is -1013 + -14343034?
-14344102
In base 4, what is 203221212 - -11?
203221223
In base 13, what is 1 - 7789a?
-77899
In base 6, what is -444505 + 102040?
-342425
In base 2, what is 10110000 - -101000011?
111110011
In base 8, what is 0 - -50671247?
50671247
In base 14, what is 150 + -5218?
-50a8
In base 11, what is -105 - -474221?
474117
In base 4, what is -10 - -12321213022?
12321213012
In base 7, what is -34222 + -2643?
-40165
In base 8, what is -476754765 - 1?
-476754766
In base 7, what is 4562 - -223?
5115
In base 3, what is -102 + -2102211111102?
-2102211111211
In base 5, what is -11 + -313442331411?
-313442331422
In base 13, what is -141 - 3342a?
-3356b
In base 5, what is 11233 - -22113002?
22124240
In base 16, what is eeab8 + -10?
eeaa8
In base 8, what is 106071555 - -4?
106071561
In base 12, what is -1b0411 + -a73?
-1b1284
In base 7, what is 31345 + 45663?
110341
In base 13, what is -208 + -c3029?
-c3234
In base 4, what is 1003 + 313332332?
320000001
In base 4, what is -20 + 12112022031?
12112022011
In base 13, what is -14 + -1a093aa?
-1a093c1
In base 11, what is -4404007 + a9?
-4403a09
In base 2, what is -111110101110000010100100 + -1?
-111110101110000010100101
In base 13, what is -1a + 2b66?
2b49
In base 3, what is -2011121011210 + 21101?
-2011120220102
In base 3, what is 21 - -1121020010?
1121020101
In base 9, what is -3 - -15637783?
15637780
In base 5, what is -1332211 - -1333?
-1330323
In base 9, what is 25888 - 813?
25075
In base 16, what is -3 + -24a85d?
-24a860
In base 9, what is 3734 + -2055?
1668
In base 14, what is -745b88 + -9?
-745b93
In base 2, what is 101 + -1011110010110011010?
-1011110010110010101
In b